) = -s**2 + 18*s + 3. Let y be l(18). Suppose -4*h - 2*u + 6*u + 28 = 0, 31 = y*h + 2*u. Suppose -h*f + 1567 = 37. What is the hundreds digit of f?
1
Suppose 0 + 18 = 3*d + 3*f, 5*d - 2*f = 9. Suppose 5*j - j = d*t + 157, 0 = -4*j - 3*t + 163. Suppose -3*z + 250 = j. What is the tens digit of z?
7
Suppose -l - 5*y + 16 = -23, 4*l = -2*y + 66. Suppose 6 = 4*g - l. What is the units digit of (16/(-10))/(g/((-25)/2))?
4
Let w(u) = 6*u**2 - 39*u - 661. What is the units digit of w(-17)?
6
Let n = 21 + -25. Let t be (-1)/(924/232 + n). Suppose u = -4*z - z + 10, 4*u = -2*z + t. What is the units digit of u?
5
Let i(v) = 13*v**2 - 9*v - 2. Let t(f) = 12*f**2 - 9*f - 6. Let y(a) = -4*i(a) + 5*t(a). What is the units digit of y(7)?
7
Suppose 8*d - 8 = 4*d. Let j(c) = -1 + 8 - 6 + 12*c**d - 3*c - 2*c**2. What is the units digit of j(3)?
2
Suppose 95*i - 93*i + 182 = 0. Let t = i - -98. Suppose -421 = -t*w + 258. What is the units digit of w?
7
Let x be (-201)/(-6) - 6/(-12). Suppose -3*i = 0, -3*i = 3*a - x - 185. What is the units digit of a?
3
Suppose 12 = -3*z + i - 6*i, i + 6 = 3*z. Let a(g) = 1467*g**2 - 2*g. What is the thousands digit of a(z)?
1
Let z = -179 - -189. Suppose z*y - 15*y - 4*v = -2611, -2*v = -5*y + 2617. What is the hundreds digit of y?
5
Let p be -1 + 4*(-23)/(-4). Let g(k) = -k**2 + 23*k - 33. Let v be g(p). Let s(t) = -10*t + 33. What is the hundreds digit of s(v)?
1
Suppose 478*q - 1251648 = 442*q. What is the hundreds digit of q?
7
What is the hundreds digit of (76780/(41 - 19))/(2/16)?
9
Let a(o) = -659*o + 6. Let y be a(-2). Suppose 5*u + 0*j = 2*j + 1683, -y = -4*u - 4*j. What is the hundreds digit of u?
3
Suppose -45*h + 65108 = -40*h - 3*w, 2*h - 26006 = -5*w. What is the hundreds digit of h?
0
Let a be 28/21 - (-12)/(-9). Suppose 4*i - 10*n + 9*n - 1750 = a, -i - 3*n = -431. What is the tens digit of i?
3
Let w(d) = -3*d**2 - 2*d + 175. Let z be w(-19). Let m = z + 1374. What is the units digit of m?
4
Let c(v) = -5*v**3 - v**2 + 20*v - 5. Let g(j) = 14*j**3 + j**2 - 58*j + 16. Let i(u) = -17*c(u) - 6*g(u). What is the units digit of i(5)?
9
Suppose -12*r + 490623 + 80054 = 89021. What is the thousands digit of r?
0
Let t(l) = l**3 + 63*l**2 + 117*l + 110. What is the units digit of t(-56)?
0
Let c = -6568 - -13230. What is the tens digit of c?
6
Let m(j) = 4*j**2 - 3*j + 8. Let f be m(3). Suppose -o - 5*k = -242 + f, -919 = -5*o + 4*k. What is the units digit of o?
7
Let a(y) = y**2 + 16*y - 13. Let z be a(-17). Suppose 7*v - 321 = z*v. Suppose -q - 4*g + 3 = 0, 7*q - 3*g - v = 2*q. What is the units digit of q?
9
Suppose 5*x - 4*u - 66 = 0, 2*u = -x + 4*u + 12. Let s be (-40)/22 + x/(-77). What is the units digit of (20/30)/(s/(-156))?
2
Suppose -n + 4 = 3*n - 2*s, 0 = -3*n - 3*s + 3. Let k(j) = 108*j**3 + j**2 + j - 1. What is the hundreds digit of k(n)?
1
Let x = 316 + -303. Suppose 17*s - g = x*s + 4725, 5*s - 2*g = 5907. What is the tens digit of s?
8
Suppose -4*m + 51701 = -3*c, 2*m + 3*m - 3*c = 64627. Suppose -m = -29*u + 7403. What is the tens digit of u?
0
Let b(g) = 392*g**2 + 3. Let r be b(-2). Let f = r - 1116. What is the units digit of f?
5
Let r(g) = -3*g**3 + 9*g**2 - 25*g - 23. What is the hundreds digit of r(-10)?
1
Let a be (-14)/49 + 732/14. Let y be -1*a*5/(-10). What is the units digit of (39/y)/((-2)/(-52))?
9
Suppose -19940 = -2*a + 2*y, -664*a = -668*a - 3*y + 39859. What is the thousands digit of a?
9
Suppose 713*y - 707*y - 16140 = 0. What is the hundreds digit of y?
6
Let i(n) = -4*n - 5. Let g = 57 - 60. Let f be i(g). Suppose 3 + 158 = f*r. What is the tens digit of r?
2
Suppose 4*h = 22*h - 7668. Suppose 4*z - h = -370. What is the units digit of z?
4
Suppose 0 = -g + 6 - 2. Suppose -j + 4*t = -85, 170 = -0*j + 2*j + g*t. What is the tens digit of j?
8
Suppose 27*q - 17*q - 63000 = 0. Suppose -20*t + q = -2*t. What is the tens digit of t?
5
Let t(f) = 12181*f + 1014. What is the units digit of t(3)?
7
Suppose 0 = 25*z + 41951 - 120101. What is the hundreds digit of z?
1
Suppose -15*y - 7*y = -4620. Suppose y + 181 = m. What is the hundreds digit of m?
3
Let g(f) = f**3 + 3*f**2 - 2*f - 84. Let d be g(-8). Let k = d + 533. What is the hundreds digit of k?
1
Let d(i) = 437*i - 1151. What is the hundreds digit of d(45)?
5
Let q(v) = -755*v**2 - 11*v + 7. Let g(b) = 377*b**2 + 6*b - 4. Let k(o) = -7*g(o) - 4*q(o). What is the units digit of k(-1)?
9
Suppose 1049*q - 5*g + 189560 = 1054*q, 2*q = -5*g + 75806. What is the ten thousands digit of q?
3
Let m = 18052 + 23893. What is the hundreds digit of m?
9
Let w = -93 + 93. Suppose 6*z - 4*z = 3*q - 5, 5*q - 15 = w. What is the units digit of z?
2
Suppose 330*c - 395522 - 2273848 = 0. What is the thousands digit of c?
8
Let g be (-2 + (-7)/(-2))/((-6)/(-100)). Let r(c) = 18*c - 167. What is the tens digit of r(g)?
8
Let g(t) = 540*t + 38. Suppose 4*q = v - 2, 0 = 8*v - 5*v - 4*q - 6. What is the thousands digit of g(v)?
1
Let g be ((-2)/5)/((-331)/(-165) - 2). Let v be ((-8)/12)/((-4)/366). Let s = v - g. What is the hundreds digit of s?
1
Let v(w) = 69*w**2 - 12*w + 13. Let q(u) = -104*u**2 + 18*u - 20. Let i(l) = 5*q(l) + 8*v(l). What is the tens digit of i(2)?
2
Let n = -62 + 105. Let c = 14 + -8. What is the units digit of n - (8 + -4 - c)?
5
Suppose -195*z = -170*z - 188125. What is the thousands digit of z?
7
Suppose 0 = -2*a + 2*g + 18780, 0 = -34*a + 33*a - 3*g + 9374. What is the thousands digit of a?
9
Suppose 4*z + 4*v - 210576 = 0, 4*z - 210611 = -148*v + 151*v. What is the units digit of z?
9
Suppose 12 = -2*t + 18. Let j be (8/6 - (-2)/t) + -64. Let h = -25 - j. What is the tens digit of h?
3
Suppose -9 - 3 = -4*z. Suppose -z*p = p. Suppose p*i + 2*i - 122 = 0. What is the units digit of i?
1
Let z(y) = -24*y**2 + 3*y + 8. Let v(b) = 23*b**2 - 4*b - 8. Let d(q) = 3*v(q) + 4*z(q). Let p be d(7). What is the units digit of p/(-15) - 2/3?
7
Suppose -10*g = 15*g + 3000. Let s = g + 134. What is the tens digit of s?
1
Let i(d) = -d**2 + 70*d + 90. What is the tens digit of i(63)?
3
Let l = 19868 - 16825. What is the units digit of l?
3
Suppose -100 = 23*t + 130. What is the tens digit of (-1083)/(-7) + t/(-35)?
5
Let k be (516/8)/((-30)/(-440)). Suppose 0 = -f + 4*n + k, -2*n + 2866 = -0*f + 3*f. What is the units digit of f?
4
Suppose -3*v = 22*v - 100. Suppose 0 = -2*a + v*b + 3526, 8897 = 5*a - 3*b + 75. What is the units digit of a?
5
Suppose -2*b = 4*m + 44, -2*b = -5*b + 4*m - 56. Let g be 150/b*2/(-3). Suppose 62 + 88 = g*o. What is the units digit of o?
0
Suppose 40 = -3*m + m. What is the tens digit of ((m/35)/2)/(3/(-2247))?
1
Let p = 11044 + -6309. What is the units digit of p?
5
Suppose -16*f + 16666 = -29*f. Let n = -474 - f. What is the hundreds digit of n?
8
Let m(z) = 4*z**2 - 8*z - 8. Let q be m(-1). Suppose -4*f - 707 = -7*f - 2*y, 943 = q*f + 3*y. What is the units digit of f?
5
Let t(x) = 979*x**2 + 4*x + 12. What is the tens digit of t(9)?
4
Let f = 449 + 12475. What is the thousands digit of f?
2
Let x be 34/10 + -4 + 48/(-20). What is the tens digit of ((-17)/x)/(32/192) - 1?
3
Let t be 9/(-2 - 2468/(-1240)). Let y be (-48)/(-16) + t/(-2). Suppose 0 = 9*l - y - 387. What is the units digit of l?
5
Suppose -51*a + 921661 = 265393. What is the tens digit of a?
6
Let c(b) = b**3 + 20*b**2 + 64*b + 11. Let p be c(-16). Suppose p*i = 2628 + 463. What is the hundreds digit of i?
2
Let y(q) = -q**2 - 12*q - 6. Let k be y(-9). Let d be (k/6)/((-3)/(-114)). Let m = d + -68. What is the tens digit of m?
6
Let t be ((-4)/12)/((-5)/1515). Suppose r - t = -4*h - 334, -295 = 5*h + 5*r. What is the tens digit of -2 - (4 + -10) - h?
6
Let a = 10 + -6. Suppose 0 = -65*b - 28*b + 651. Suppose 0 = a*y + b*y - 297. What is the units digit of y?
7
Let u(r) = 23*r**2 - 5*r - 3. Let g(c) = 91*c**2 - 21*c - 13. Let o(h) = -2*g(h) + 9*u(h). What is the tens digit of o(2)?
9
Let k = 317 + -323. What is the hundreds digit of (-22)/(k/(-14) + (-2067)/3549)?
1
Let k(b) = 52*b - 1. Let p be k(38). Suppose 2*h - 679 = p. What is the tens digit of h?
2
Let q(y) = 3*y**2 - 2*y - 3. Let x be q(-1). Let h(b) = 60*b**2 - 2*b + 1. Let g be h(x). Let j = 368 - g. What is the units digit of j?
1
What is the hundreds digit of (43570/6)/(65/39)?
3